d by 1161?
123
What is the remainder when 533171 is divided by 107?
97
What is the remainder when 213576434 is divided by 55?
49
What is the remainder when 147853 is divided by 1929?
1249
Calculate the remainder when 42621 is divided by 1339.
1112
What is the remainder when 508873 is divided by 254400?
73
Calculate the remainder when 2057612 is divided by 19975.
187
What is the remainder when 75384 is divided by 14988?
444
Calculate the remainder when 1297039 is divided by 89.
42
What is the remainder when 1523941 is divided by 2079?
34
What is the remainder when 3043865 is divided by 161?
160
Calculate the remainder when 27085797 is divided by 15.
12
Calculate the remainder when 107599133 is divided by 20744.
5
Calculate the remainder when 160516 is divided by 36.
28
What is the remainder when 97708 is divided by 6101?
92
What is the remainder when 357055 is divided by 354?
223
What is the remainder when 62309 is divided by 20717?
158
Calculate the remainder when 3795119 is divided by 84.
83
Calculate the remainder when 4547509 is divided by 4547493.
16
What is the remainder when 26676702 is divided by 1177?
1174
Calculate the remainder when 4040347353 is divided by 18.
15
What is the remainder when 18652502 is divided by 9326247?
8
Calculate the remainder when 14289431 is divided by 45.
41
What is the remainder when 16773923 is divided by 282?
281
Calculate the remainder when 70202344 is divided by 1129.
1124
What is the remainder when 327183 is divided by 495?
483
What is the remainder when 3762975 is divided by 3762975?
0
What is the remainder when 56876 is divided by 1640?
1116
Calculate the remainder when 141118 is divided by 70011.
1096
Calculate the remainder when 1126786 is divided by 281685.
46
Calculate the remainder when 246564 is divided by 2868.
2784
Calculate the remainder when 695984 is divided by 203.
100
What is the remainder when 147269 is divided by 73547?
175
Calculate the remainder when 75317 is divided by 712.
557
What is the remainder when 128259 is divided by 5097?
834
Calculate the remainder when 118370 is divided by 431.
276
Calculate the remainder when 255444 is divided by 656.
260
What is the remainder when 1342388 is divided by 268472?
28
Calculate the remainder when 6892890 is divided by 161.
158
What is the remainder when 65892679 is divided by 1016?
1015
Calculate the remainder when 1589289 is divided by 546.
429
Calculate the remainder when 417329 is divided by 74.
43
What is the remainder when 59061 is divided by 14605?
641
Calculate the remainder when 7860891 is divided by 7860890.
1
Calculate the remainder when 148871 is divided by 2479.
131
What is the remainder when 192698 is divided by 235?
233
Calculate the remainder when 276994309 is divided by 266.
263
Calculate the remainder when 5282024 is divided by 231.
209
Calculate the remainder when 682665 is divided by 6953.
1271
Calculate the remainder when 6342248 is divided by 528.
440
Calculate the remainder when 676175 is divided by 63.
59
Calculate the remainder when 71680 is divided by 1375.
180
Calculate the remainder when 1066314 is divided by 6087.
1089
What is the remainder when 66204117 is divided by 102?
99
Calculate the remainder when 205677740 is divided by 139.
135
Calculate the remainder when 98507 is divided by 1502.
877
Calculate the remainder when 5343921 is divided by 2671959.
3
What is the remainder when 687613 is divided by 5637?
5536
Calculate the remainder when 28470 is divided by 37.
17
Calculate the remainder when 99204838 is divided by 24801200.
38
What is the remainder when 4027881 is divided by 37?
24
Calculate the remainder when 2931145 is divided by 576.
457
What is the remainder when 1072589 is divided by 2566?
1
Calculate the remainder when 30050 is divided by 29806.
244
What is the remainder when 23887057 is divided by 10?
7
What is the remainder when 467450 is divided by 33154?
3294
What is the remainder when 11337990 is divided by 896?
6
Calculate the remainder when 734348 is divided by 36686.
628
What is the remainder when 343977 is divided by 468?
465
What is the remainder when 2183773 is divided by 1091884?
5
What is the remainder when 134212254 is divided by 112?
78
What is the remainder when 413184840 is divided by 650?
640
Calculate the remainder when 230164 is divided by 1841.
39
Calculate the remainder when 157271 is divided by 9592.
3799
What is the remainder when 1662114 is divided by 9337?
128
Calculate the remainder when 7659605 is divided by 3829801.
3
What is the remainder when 4444848 is divided by 6414?
6360
Calculate the remainder when 55579 is divided by 1288.
195
What is the remainder when 2217411 is divided by 4?
3
Calculate the remainder when 1099921 is divided by 1585.
1516
Calculate the remainder when 22828826 is divided by 485717.
127
Calculate the remainder when 102718 is divided by 102559.
159
Calculate the remainder when 1902633 is divided by 54.
51
What is the remainder when 570262 is divided by 686?
196
What is the remainder when 50070 is divided by 1829?
687
What is the remainder when 1539453 is divided by 4665?
3
Calculate the remainder when 1383485 is divided by 22680.
5
Calculate the remainder when 27148991 is divided by 1192.
1191
What is the remainder when 40193 is divided by 36929?
3264
What is the remainder when 2324208 is divided by 166005?
138
Calculate the remainder when 216769 is divided by 727.
123
What is the remainder when 2066834 is divided by 25?
9
What is the remainder when 8119443 is divided by 57582?
381
What is the remainder when 895393 is divided by 89536?
33
What is the remainder when 87515 is divided by 2507?
2277
What is the remainder when 77694133 is divided by 393?
391
Calculate the remainder when 956921 is divided by 86984.
97
What is the remainder when 6340697 is divided by 186?
143
Calculate the remainder when 306226749 is divided by 3106.
3103
Calculate the remainder when 6275122 is divided by 406.
392
What is the remainder when 459230 is divided by 3094?
1318
Calculate the remainder when 312945 is divided by 312892.
53
Calculate the remainder when 444192074 is divided by 1619.
1615
Calculate the remainder when 1161730 is divided by 146.
8
What is the remainder when 461602 is divided by 2157?
4
What is the remainder when 434047 is divided by 152?
87
What is the remainder when 1771862 is divided by 119?
71
What is the remainder when 195342 is divided by 64988?
378
Calculate the remainder when 58813 is divided by 29318.
177
Calculate the remainder when 125639 is divided by 7388.
43
Calculate the remainder when 19082560 is divided by 1089.
13
Calculate the remainder when 186377 is divided by 101.
32
Calculate the remainder when 44882207 is divided by 164.
163
Calculate the remainder when 154473 is divided by 222.
183
What is the remainder when 327940 is divided by 10926?
160
Calculate the remainder when 14217781 is divided by 116.
9
Calculate the remainder when 33574 is divided by 1725.
799
Calculate the remainder when 69960158 is divided by 713879.
16
Calculate the remainder when 556847 is divided by 42833.
18
What is the remainder when 1591840 is divided by 530530?
250
What is the remainder when 322343 is divided by 148?
147
Calculate the remainder when 3961872 is divided by 693.
684
What is the remainder when 4821804 is divided by 4821783?
21
Calculate the remainder when 1365188 is divided by 92.
0
What is the remainder when 102541151 is divided by 336?
335
What is the remainder when 16924683 is divided by 7?
6
What is the remainder when 7761745 is divided by 790?
785
Calculate the remainder when 19550927 is divided by 36340.
7
What is the remainder when 2254844 is divided by 25?
19
What is the remainder when 604943 is divided by 411?
362
What is the remainder when 38129 is divided by 180?
149
Calculate the remainder when 6115324 is divided by 1217.
1116
Calculate the remainder when 1582043 is divided by 416.
411
Calculate the remainder when 363701 is divided by 25862.
1633
What is the remainder when 22067671 is divided by 11033824?
23
Calculate the remainder when 856201 is divided by 95123.
94
What is the remainder when 90343 is divided by 45071?
201
What is the remainder when 8696989 is divided by 107?
29
What is the remainder when 66719052 is divided by 315